False
Is 56744442659 a prime number?
True
Is 1297318007 prime?
False
Is 293014913 composite?
False
Is 18214834109 a prime number?
True
Is 1001199337 composite?
False
Is 330767909 a composite number?
True
Is 5406231293 a prime number?
True
Is 4963266941 a composite number?
True
Is 1339221857 composite?
True
Is 5106324337 prime?
True
Is 3250018483 a composite number?
False
Is 793843409 a prime number?
True
Is 83159626373 a prime number?
True
Is 9883660337 composite?
True
Is 25345616971 a composite number?
False
Is 122450484217 a prime number?
True
Is 78687654613 prime?
True
Is 6425388611 a composite number?
False
Is 24836355161 a composite number?
False
Is 3928748843 a prime number?
True
Is 49903828697 composite?
True
Is 246556589 composite?
False
Is 157248129349 prime?
True
Is 8354251898 a composite number?
True
Is 237712427 a composite number?
False
Is 10180575871 a composite number?
True
Is 5945106793 a composite number?
False
Is 1049187499 a prime number?
False
Is 10787983009 prime?
True
Is 85959437 prime?
True
Is 846980065 a composite number?
True
Is 600582967 prime?
False
Is 150230661599 composite?
False
Is 18216164693 prime?
False
Is 1678214417 composite?
True
Is 5869931687 a prime number?
False
Is 6634599779 a prime number?
False
Is 1243203691 a prime number?
False
Is 634076071 composite?
False
Is 362780797 composite?
True
Is 271462711 a prime number?
False
Is 3778741433 a prime number?
True
Is 45324523 a composite number?
False
Is 516566137 a prime number?
True
Is 31287885581 prime?
True
Is 125925125347 a prime number?
False
Is 314740141 a composite number?
True
Is 953014187 composite?
False
Is 1116930187 a prime number?
True
Is 25712149583 prime?
True
Is 124758889809 a prime number?
False
Is 220857643 a composite number?
False
Is 24045769261 prime?
True
Is 1329980833 a prime number?
False
Is 32701120931 a prime number?
True
Is 931105319 a composite number?
True
Is 2611163405 a composite number?
True
Is 2113597319 a prime number?
False
Is 13222929583 prime?
True
Is 37087519919 composite?
False
Is 30165567527 a composite number?
False
Is 5772864523 prime?
True
Is 4119996203 a prime number?
False
Is 1262700447 a prime number?
False
Is 31014317471 prime?
False
Is 1406132537 composite?
False
Is 3209560261 prime?
True
Is 36969407159 a prime number?
True
Is 41595429283 composite?
True
Is 461361007 a prime number?
False
Is 1785726193 a composite number?
False
Is 12214518515 composite?
True
Is 1991346733 a prime number?
False
Is 16351193083 composite?
False
Is 2127246811 composite?
False
Is 2293262099 composite?
True
Is 83805318329 composite?
False
Is 27402502019 a prime number?
True
Is 296531299 a composite number?
True
Is 83847822062 a prime number?
False
Is 1355131351 prime?
False
Is 1101911227 a prime number?
True
Is 6763412653 a composite number?
True
Is 13202516057 a prime number?
False
Is 21224517241 composite?
True
Is 11419376851 prime?
True
Is 6955187537 prime?
False
Is 5245859417 a composite number?
False
Is 348376531 a composite number?
True
Is 995728333 a composite number?
False
Is 76608433745 composite?
True
Is 6919697579 prime?
False
Is 17738608331 a composite number?
True
Is 44088465381 prime?
False
Is 18418831019 prime?
True
Is 12061296589 a composite number?
False
Is 231391813 a composite number?
True
Is 7509183701 composite?
True
Is 360594211 a composite number?
False
Is 1650808721 composite?
False
Is 126014818769 prime?
False
Is 14408944867 a composite number?
True
Is 362018303209 a composite number?
False
Is 1171832941 a prime number?
False
Is 565481461 a composite number?
True
Is 17115770533 prime?
True
Is 5462841371 prime?
False
Is 10029670639 a composite number?
True
Is 11353674949 a composite number?
True
Is 139164079 prime?
True
Is 68026463357 a prime number?
False
Is 8584473783 a prime number?
False
Is 8018922479 composite?
False
Is 29744649751 a prime number?
True
Is 2319275209 a prime number?
False
Is 18429469739 prime?
False
Is 10691730373 a prime number?
True
Is 6686517511 composite?
True
Is 14860916237 composite?
False
Is 14083941719 a composite number?
False
Is 15979444343 a composite number?
False
Is 2542087199 a composite number?
False
Is 5180397361 composite?
False
Is 18471233707 composite?
False
Is 75130515401 composite?
True
Is 4870371043 prime?
False
Is 299267531 composite?
True
Is 81795243 prime?
False
Is 4024966601 a prime number?
True
Is 1370706517 prime?
True
Is 3786612421 prime?
False
Is 223810981 a composite number?
True
Is 372115612777 a composite number?
False
Is 880676281 a composite number?
False
Is 27306530899 a prime number?
False
Is 658979533 prime?
True
Is 3162331797 prime?
False
Is 6802051579 prime?
False
Is 174439715 a prime number?
False
Is 582727199 a composite number?
False
Is 27330618323 prime?
False
Is 144939313 composite?
True
Is 2566740669 a composite number?
True
Is 61136758439 prime?
True
Is 4315823803 prime?
False
Is 120942264049 composite?
False
Is 444397079623 prime?
False
Is 340821841 composite?
True
Is 284167651 a prime number?
True
Is 4723532719 composite?
False
Is 92220576221 prime?
False
Is 663415003 prime?
False
Is 2338014563 a composite number?
False
Is 27335700883 a composite number?
False
Is 22770747397 composite?
False
Is 1297410393 a composite number?
True
Is 220485607 a prime number?
False
Is 75937454867 a prime number?
False
Is 36747987587 composite?
True
Is 2134043921 prime?
True
Is 27937400549 a composite number?
False
Is 22333646477 a composite number?
False
Is 1096573549 prime?
False
Is 58962832871 prime?
True
Is 2590261417 composite?
False
Is 12131872933 composite?
True
Is 21327037409 a prime number?
True
Is 21385759601 a composite number?
True
Is 1132346273 composite?
False
Is 11207082841 a prime number?
True
Is 165493247 prime?
False
Is 9108784483 a composite number?
True
Is 7880198317 a prime number?
False
Is 633899467 a prime number?
False
Is 130023020447 composite?
False
Is 2807946853 a composite number?
True
Is 6882088637 composite?
True
Is 611443991 a composite number?
True
Is 96986098661 a composite number?
False
Is 715647406 a prime number?
False
Is 16336390699 composite?
False
Is 8214361889 a composite number?
True
Is 2003530799 prime?
False
Is 906014567 a composite number?
False
Is 2970407201 a prime number?
True
Is 42534622283 prime?
True
Is 553293803 prime?
True
Is 934387967 a composite number?
False
Is 36763826747 a composite number?
False
Is 893409373 a composite number?
False
Is 4905676637 a composite number?
False
Is 15434039287 a composite number?
False
Is 11566866649 prime?
False
Is 164553589 composite?
True
Is 180713277253 a composite number?
True
Is 1530459023 a composite number?
False
Is 10926774071 a composite number?
True
Is 1132935049 prime?
False
Is 5438749903 prime?
True
Is 4040149777 composite?
False
Is 12078479869 a prime number?
False
Is 131325878599 composite?
False
Is 27100058771 a composite number?
False
Is 55682689 a composite number?
True
Is 206208643 a composite number?
False
Is 596730613 prime?
False
Is 4525863443 a composite number?
False
Is 22598599 prime?
True
Is 1453522127 a prime number?
True
Is 4135479743 a composite number?
True
Is 15021912029 a composite number?
True
Is 18019955815 a prime number?
False
Is 356256053 a composite number?
True
Is 124620521 prime?
True
Is 67359884777 a prime number?
True
Is 11196569611 a prime number?
True
Is 14482579847 a composite number?
False
Is 472454329 composite?
True
Is 1208659289 prime?
True
Is 348289791 prime?
False
Is 16014483239 composite?
True
Is 180299401 a prime number?
False
Is 3144195545 composite?
True
Is 126282828731 a composite number?
False
Is 8837635451 prime?
True
Is 1334491841 a composite number?
True
Is 895056031 prime?
False
Is 24156733031 prime?
True
Is 2056451639 a composite number?
True
Is 18892809203 a prime number?
True
Is 1552286929 a composite number?
True
Is 1519726631 prime?
False
Is 109961699689 composite?
False
Is 3358768267 a prime number?
False
Is 5737195897 prime?
False
Is 87838172293 a prime number?
False
Is 23072317607 composite?
False
Is 4557517 a composite number?
True
Is 1028463659 a composite number?
True
Is 28198745831 a prime number?
False
Is 197692799 a composite number?
False
Is 192786802303 a composite number?
True
Is 4688796863 prim